vided by x?
14
Suppose -5*s - 5 = 3*k - 0*s, 0 = 4*s + 16. Suppose 0 = 3*b - 13 - k. Suppose -d - b = -4*d. What is the remainder when 4 is divided by d?
0
Calculate the remainder when 110 is divided by 3/((-154)/26 - -2 - -4).
32
Let i = -2 + 8. Let y = i + -9. What is the remainder when 43 is divided by 10*(y/6 - -2)?
13
Let s = 78 - 38. Suppose -4 = n, -4*n + 5 = a - 0. What is the remainder when s is divided by a?
19
Suppose 3*y = -0*y + 48. Let q(t) = t**3 - t**2 - t + 4. Calculate the remainder when y is divided by q(2).
4
Suppose 0 = 7*h - 4*h - 12. Suppose -2*r = h, t + r = -3*r + 47. What is the remainder when t is divided by 19?
17
Suppose 14*r - 1101 = -401. What is the remainder when 149 is divided by r?
49
Let c(h) = h**2 - 1. Let u be c(1). Let z = -1 + u. Let s = 9 + z. Calculate the remainder when 14 is divided by s.
6
Let a = -2 + 2. Suppose -4*m - f = -218, a = -0*m + 3*m - 5*f - 152. Suppose 0*j - 5*j = l - 97, 74 = 4*j - l. Calculate the remainder when m is divided by j.
16
Let k(b) = 2*b + 6. Suppose 0 = 4*q + 5*c - 60, 3*c + 8 = 5*q - 30. Suppose 0*f = -r + f + q, -5*r = 5*f. What is the remainder when k(r) is divided by 9?
7
Suppose -5*s = 10, -g = -5*g - 3*s + 82. Calculate the remainder when g is divided by 6.
4
Let q = 4 - 0. Suppose 2*r - q*f + 5 = -3, 0 = -2*r - 2*f + 10. Calculate the remainder when 15 is divided by 3*r/(2/3).
6
Let y = 7 + 5. Suppose 4*l = -51 - 117. What is the remainder when (l/(-8))/(9/36) is divided by y?
9
Suppose -4*o + 2*s + 18 = 0, 5*o + 0*s = -2*s + 45. What is the remainder when 9 is divided by o?
2
Let f be ((-12)/(-10))/((-12)/(-30)). Suppose 1 + f = l. Let w(k) = -k**3 - 4*k**2 + 5*k + 2. What is the remainder when l is divided by w(-5)?
0
Suppose 0 = -2*p + 18 + 12. Let s = p + -11. Suppose -3*q + 13 + 13 = s*l, 12 = q + 2*l. Calculate the remainder when q is divided by 1.
0
Let t = 152 + -23. What is the remainder when t is divided by 33?
30
Calculate the remainder when (-1)/(((-2)/1)/34) is divided by 10.
7
Let s be 24/9 - (-6)/(-9). Let j be (6/4)/(s/100). Suppose j + 130 = 4*o + 3*f, 0 = -f + 3. Calculate the remainder when o is divided by 17.
15
What is the remainder when 50 is divided by 3 - 3 - 52/(-2)?
24
Let m = 111 - 40. Suppose -m - 29 = -5*n. What is the remainder when 58 is divided by n?
18
Let n = -131 + 149. Calculate the remainder when 87 is divided by n.
15
Suppose -8*n + 3*n = 15. Calculate the remainder when 34 is divided by (-12)/9*(n + -6).
10
Let g = -14 + 11. What is the remainder when 56 is divided by g/6*-34 - -2?
18
Let s = -27 + 51. Suppose 5*x - 2*x - 5*n = 49, -3*n = -2*x + 32. What is the remainder when s is divided by x?
11
Suppose 5*k + 19 = 144. Calculate the remainder when k is divided by 13.
12
Let d = 0 - -13. Suppose -15*z + 162 + 573 = 0. What is the remainder when z is divided by d?
10
Let v(k) = k**3 + 8*k**2 + 5*k - 6. Let x be v(-7). Suppose 3 = i - x. Calculate the remainder when i is divided by 6.
5
Let f = 149 + -106. Calculate the remainder when f is divided by 15.
13
Let z = 48 + -29. Suppose -t = 3*t - 144. What is the remainder when t is divided by z?
17
Suppose 4*t = 2*t + 4. Suppose -3*s - t*y + 52 = 0, 4*s = -5*y + 39 + 42. What is the remainder when s is divided by 5?
4
Suppose 2*d - 55 = -3*d. Suppose -w + 2*y + 4 + d = 0, -3 = -w - y. What is the remainder when 3930/195 + (-4)/26 is divided by w?
6
Suppose -2*y = -6*y + 48. Suppose 0*t - t = -y. What is the remainder when t is divided by 5?
2
Calculate the remainder when 6/(20/(-15) - -2) is divided by 4.
1
What is the remainder when -5*9/(27/(-12)) is divided by 11?
9
Suppose 6 = 3*t, 4*t + 57 = 2*h + 15. What is the remainder when 299 is divided by h?
24
Let s(n) = 7*n. Calculate the remainder when 1/2 - 46/(-4) is divided by s(1).
5
Let t = -85 + 92. Let y = 7 - 3. Suppose -k - 1 = -4*l - 4*k, -3*l + y*k = -32. What is the remainder when t is divided by l?
3
Calculate the remainder when 25 is divided by 2/4 - (-68)/8.
7
Suppose 0 = -5*g + 4 + 6. Suppose -2*o = -22 - g. Suppose -k + 18 + 5 = 4*s, 2*k = 2*s + 46. Calculate the remainder when k is divided by o.
11
Let p = 62 + 8. Calculate the remainder when p is divided by 24.
22
Suppose 3*k + k = 552. Let g = k - 65. What is the remainder when g is divided by 25?
23
Let b(r) = -r - 5. Calculate the remainder when b(-8) is divided by -3 - (-6*1 - 0).
0
Suppose -4*g - 3*m = -12, -2*g - 2*m + 9 = 3. Suppose -5*n + g*s = -49, 4*n - 2*n - 5*s = 12. Calculate the remainder when 41 is divided by n.
8
Let y(o) be the third derivative of o**5/60 - 5*o**3/6 + 9*o**2. What is the remainder when 42 is divided by y(-4)?
9
Suppose 4*a = 8*a + 5*m - 57, 2*m - 50 = -5*a. What is the remainder when 27 is divided by a?
3
Let j = 11 - 7. Let a be (1 + -4)/((-3)/j). Suppose 0 = -2*m + 2*o + a + 2, -5*o = -4*m + 10. What is the remainder when 14 is divided by m?
4
Let r = 75 - 49. Calculate the remainder when r is divided by 14.
12
Let l(n) = n**3 + 5*n**2 + 3*n. Let t = 12 - 6. Let v = t + -10. What is the remainder when l(v) is divided by 3?
1
Suppose 5*i - 256 = 104. Suppose a - 5*a = -i. What is the remainder when 16 is divided by ((-12)/a)/(4/(-54))?
7
Let o = 69 - 48. Suppose -2*g + 1 = -j + o, 0 = 3*g. What is the remainder when j is divided by 7?
6
Suppose 7*o = 3*o + 64. Calculate the remainder when o is divided by 9.
7
Let d = -92 - -165. Calculate the remainder when d is divided by 19.
16
Let p = 29 - 21. Suppose 5 = 2*x + 1. What is the remainder when p is divided by 1 - (2/x - 3)?
2
Suppose -3*y + 0*y = -48. Suppose 5*b - 65 = -5*q, -2*q - b + 2 = -5*b. What is the remainder when y is divided by q?
7
Let j(v) = v**2 + 6*v + 18. Suppose -3*h - 13 = -4. Let l = 17 + h. What is the remainder when j(-7) is divided by l?
11
Let o(r) = -r**3 + 7*r**2 - r + 5. Let f(b) = b**3 - 8*b**2 - 4. Let m(w) = -2*f(w) - 3*o(w). Calculate the remainder when m(6) is divided by 12.
11
Suppose 3*p = 8*p + 2*z - 95, 0 = -5*p + 2*z + 75. Calculate the remainder when 47 is divided by p.
13
Let x(c) = 2*c - 6. What is the remainder when 27 is divided by x(7)?
3
Suppose 181 = 4*h + d - 208, -111 = -h - 3*d. Suppose -h = -2*g + 5*b, b + 108 = 2*g + 2*b. Calculate the remainder when g is divided by 14.
11
Let a = -1 + 6. Suppose a + 11 = j. Suppose -j = -c + w - 7, 2*w = 5*c - 42. Calculate the remainder when 15 is divided by c.
7
What is the remainder when ((-12)/4)/((-6)/32) is divided by 10?
6
Let r(x) be the first derivative of 7*x**2/2 - 5*x + 8. What is the remainder when r(7) is divided by 23?
21
Let f = 8 + -6. Let z = 3 - f. Suppose -z = 5*x - 41. What is the remainder when x is divided by 5?
3
Suppose 30 = -13*v + 16*v. Suppose 0*m + g + 74 = -4*m, -2*g - 4 = 0. What is the remainder when (-1)/((-17)/m - 1) is divided by v?
8
Let c(q) be the first derivative of -2*q**2 + 1. Suppose 3*g + j - 122 = 6*j, -3*g = 3*j - 90. Calculate the remainder when g is divided by c(-3).
10
Suppose 0 = -0*s + 3*s - 39. What is the remainder when 50 is divided by s?
11
Let n = -14 - -17. Suppose 2*b = n*b - 33. What is the remainder when b is divided by 9?
6
Suppose 6*o - 8 - 22 = 0. Calculate the remainder when 0/(-1) - -17*1 is divided by o.
2
Let m(s) = -s**2 - 7*s + 5. Suppose -14 = 2*j - 2. What is the remainder when m(j) is divided by 3?
2
Let l(j) = -j**3 - 4*j**2 + 3*j - 6. What is the remainder when 12 is divided by l(-5)?
0
Let i(w) be the third derivative of w**5/30 - w**4/24 - 2*w**3/3 - 3*w**2. Calculate the remainder when i(3) is divided by 7.
4
Let g(t) = -5*t**3 + 7*t**2 + 2*t - 2. Let f(n) = 4*n**3 - 7*n**2 - n + 1. Let m(z) = -6*f(z) - 5*g(z). What is the remainder when m(-7) is divided by 17?
15
Suppose -4*v + 54 = -10. Suppose 4*c - 28 + 4 = 0. What is the remainder when 1 - -49 - c/2 is divided by v?
15
Suppose -7*c + 5*c + 6 = 0. Suppose 0 = -d + 5*a + 29, a + 50 = 4*d + c*a. What is the remainder when 54 is divided by d?
12
Let c(p) = p**3 + 9*p**2 + 3*p + 2. Calculate the remainder when 123 is divided by c(-8).
39
Suppose -9 = -3*t - 3. Suppose 24 = -0*u + t*u. Calculate the remainder when 23 is divided by u.
11
Suppose -7 = -4*f + 1, -5*f = 4*o - 62. Let v = 1 + 7. Calculate the remainder when o is divided by v.
5
Suppose 3*n = -5*t + 35, -6*